2?
True
Is 555 a factor of 41480334?
False
Does 18 divide 49403718?
True
Is 117882777 a multiple of 51?
True
Does 42 divide 8829954?
True
Is 38 a factor of 454023638?
False
Is 452424857 a multiple of 28?
False
Does 4 divide 480806?
False
Does 7 divide 71935703?
True
Is 108 a factor of 7779765?
False
Is 90786120 a multiple of 466?
True
Does 275 divide 17958824?
False
Is 25392740 a multiple of 95?
True
Is 1949784320 a multiple of 880?
True
Does 24 divide 46131980?
False
Is 1872878240 a multiple of 8160?
False
Is 408848676 a multiple of 2746?
False
Is 4669344 a multiple of 744?
True
Does 205 divide 300777845?
True
Is 9948832 a multiple of 248?
False
Is 126976926 a multiple of 789?
True
Is 59264404 a multiple of 110?
False
Is 1236983700 a multiple of 150?
True
Does 9433 divide 4408531642?
False
Is 936884633 a multiple of 548?
False
Does 442 divide 127416533?
False
Is 69893460 a multiple of 476?
True
Is 15 a factor of 11798950?
False
Is 397222270 a multiple of 2175?
False
Does 1434 divide 288276190?
False
Is 939 a factor of 249648949?
False
Is 2330648625 a multiple of 125?
True
Is 2405 a factor of 29892487?
False
Is 36614357 a multiple of 251?
False
Is 1838 a factor of 38398888?
False
Does 102 divide 36169404?
True
Is 97203418 a multiple of 941?
True
Is 105482383 a multiple of 1662?
False
Is 3799754957 a multiple of 97?
False
Is 203951802 a multiple of 45?
False
Is 612 a factor of 93386761?
False
Is 873875 a multiple of 3?
False
Does 20 divide 24075972?
False
Does 3 divide 310509148?
False
Does 28 divide 3882480504?
True
Is 391000712 a multiple of 15?
False
Does 18 divide 341609319?
False
Does 327 divide 582965463?
True
Is 781340726 a multiple of 21?
False
Is 1291 a factor of 34201504?
False
Is 134 a factor of 272660619?
False
Is 98 a factor of 503994468?
False
Does 17 divide 1839693675?
True
Does 142 divide 752702666?
True
Does 127 divide 339367735?
False
Does 12 divide 11985016?
False
Does 13 divide 2754846084?
False
Does 66 divide 766057418?
False
Is 900 a factor of 6301270?
False
Is 1189976201 a multiple of 56?
False
Is 534 a factor of 1683704670?
True
Does 1012 divide 5588264?
True
Is 17431792 a multiple of 23?
True
Is 3 a factor of 1156097985?
True
Is 31 a factor of 3989709611?
False
Is 278075919 a multiple of 7?
False
Does 1411 divide 659429439?
True
Is 107720081 a multiple of 2285?
False
Does 1771 divide 30893324?
True
Is 193939567 a multiple of 17?
False
Is 10341726 a multiple of 1504?
False
Does 2945 divide 966292070?
False
Is 6104878 a multiple of 925?
False
Does 147 divide 51323139?
True
Is 552212352 a multiple of 2736?
True
Is 819 a factor of 59848425?
True
Does 5 divide 294117665?
True
Is 201193727 a multiple of 2221?
True
Is 95 a factor of 33651280?
True
Is 249135162 a multiple of 20?
False
Is 220672660 a multiple of 6351?
False
Is 201 a factor of 60716525?
False
Is 1090414135 a multiple of 2514?
False
Is 221 a factor of 1756335?
False
Is 63 a factor of 15665718?
False
Is 12 a factor of 224643704?
False
Does 28 divide 25399442?
False
Does 788 divide 2430672680?
True
Is 15 a factor of 18430080?
True
Is 18824904 a multiple of 984?
True
Is 13 a factor of 68967142?
False
Is 647076740 a multiple of 10012?
False
Does 1113 divide 15621501?
False
Does 80 divide 19444560?
True
Does 589 divide 11583022?
False
Is 1596 a factor of 1214251164?
True
Does 329 divide 223867317?
False
Is 28 a factor of 95398744?
True
Is 26 a factor of 9816662?
False
Is 30 a factor of 600644614?
False
Does 4 divide 1261312?
True
Does 301 divide 268244879?
True
Is 444 a factor of 24654834?
False
Is 193050810 a multiple of 255?
True
Does 117 divide 114839711?
False
Does 47 divide 2829861896?
False
Is 35 a factor of 3480008?
False
Does 4385 divide 309719176?
False
Is 59124352 a multiple of 2416?
True
Is 131180860 a multiple of 485?
True
Does 12 divide 683836093?
False
Does 36 divide 363111259?
False
Does 17 divide 40649635?
True
Is 754033636 a multiple of 75?
False
Does 4404 divide 322628232?
True
Is 31 a factor of 180519045?
True
Is 34 a factor of 23627507?
False
Is 165327910 a multiple of 4646?
True
Does 4818 divide 67904814?
False
Does 18 divide 34262352?
True
Is 6774698 a multiple of 6169?
False
Does 442 divide 118875458?
True
Is 66180268 a multiple of 77?
True
Is 415732195 a multiple of 17?
True
Does 7142 divide 277014567?
False
Is 69140700 a multiple of 50?
True
Is 4290 a factor of 186041463?
False
Does 1228 divide 38695508?
True
Is 216155347 a multiple of 6?
False
Is 222387704 a multiple of 5?
False
Does 1481 divide 123383027?
False
Does 19 divide 98805016?
True
Does 20 divide 3368768640?
True
Does 10 divide 184368473?
False
Is 7512413 a multiple of 83?
True
Is 15487404 a multiple of 95?
False
Is 148095578 a multiple of 55?
False
Is 1326782920 a multiple of 2120?
True
Does 1175 divide 180690325?
True
Does 16 divide 1434373067?
False
Is 67967496 a multiple of 6?
True
Is 11 a factor of 290375476?
False
Does 6 divide 5188848?
True
Is 20 a factor of 170446533?
False
Is 89 a factor of 49438677?
False
Is 14 a factor of 20890660?
True
Is 16 a factor of 71053538?
False
Does 2961 divide 441636111?
True
Does 9 divide 46916559?
True
Does 1224 divide 752741640?
True
Does 16 divide 870006848?
True
Does 35 divide 58775675?
True
Is 53939322 a multiple of 1617?
False
Is 9631 a factor of 844367859?
False
Does 14 divide 329466550?
True
Is 21766257 a multiple of 224?
False
Is 18 a factor of 56479302?
True
Is 4 a factor of 55502504?
True
Is 129337026 a multiple of 182?
True
Is 798 a factor of 833161981?
False
Is 1342665577 a multiple of 3206?
False
Does 56 divide 5074608?
True
Is 837468990 a multiple of 678?
True
Is 3304708 a multiple of 59?
True
Is 21025900 a multiple of 1372?
True
Does 39 divide 195760821?
False
Is 61 a factor of 1390050?
False
Does 8 divide 2896739?
False
Is 49 a factor of 353342577?
True
Does 9605 divide 3259158995?
True
Is 3120543 a multiple of 111?
True
Is 8 a factor of 5538475?
False
Is 30501794 a multiple of 29?
True
Is 187240592 a multiple of 152?
True
Does 159 divide 1447605563?
False
Is 20 a factor of 206819737?
False
Is 24338335 a multiple of 95?
True
Is 103683582 a multiple of 1299?
True
Does 12 divide 1107456696?
True
Does 18 divide 12878352?
True
Is 64996902 a multiple of 489?
True
Is 15 a factor of 1106300775?
True
Is 1569288828 a multiple of 94?
True
Is 135 a factor of 2881980?
True
Does 31 divide 19685930?
True
Is 10851600 a multiple of 11?
False
Is 9621531 a multiple of 23?
False
Does 250 divide 4090699420?
False
Is 4527680 a multiple of 16?
True
Is 13607325 a multiple of 4?
False
Is 5 a factor of 310176030?
True
Does 3 divide 39499366?
False
Is 98570649 a multiple of 368?
False
Does 26 divide 12828868?
True
Is 44517305 a multiple of 28?
False
Is 68 a factor of 8217800?
True
Is 164596005 a multiple of 67?
False
Is 29820516 a multiple of 194?
True
Is 86598336 a multiple of 24?
True
Is 136279400 a multiple of 1900?
True
Is 4244 a factor of 3207038016?
True
Is 37167919 a multiple of 132?
False
Is 28301104 a multiple of 103?
True
Does 224 divide 160154045?
False
Does 392 divide 137138064?
True
Does 2690 divide 831008250?
True
Does 277 divide 165809050?
False
Is 655 a factor of 40065642?
False
Does 362 divide 17801350?
True
Is 266216220 a multiple of 1395?
True
Is 16700660 a multiple of 49?
False
Does 4739 divide 1902613720?
True
Is 263124840 a multiple of 55?
True
Is 23895302 a multiple of 109?
False
Does 32 divide 246491122?
False
Does 18 divide 2016367596?
True
Is 2921204832 a multiple of 14?
True
Is 107 a factor of 12957058?
True
Is 10448888 a multiple of 1022?
False
Is 895588705 a multiple of 24?
False
Does 61 divide 4601483?
False
Is 5 a factor of 100849661?
False
Is 13190177 a multiple of 77?
True
Is 54462016 a multiple of 56?
True
Is 2253263605 a multiple of 1045?
False
Is 257 a factor of 16604770?
True
Does 14 divide 264703335?
False
Is 320801904 a multiple of 1048?
False
Is 184 a factor of 117608752?
True
Is 206307148 a multiple of 510?
False
Is 125 a factor of 101950375?
True
Is 1293 a factor of 8367133?
False
Is 55761143 a multiple of 71?
False
Is 13770058 a multiple of 621?
False
Is 17007288 a multiple of 383?
False
Is 1726034237 a multiple of 1940?
False
Is 30 a factor of 44143567?
False
Does 9 divide 129976188?
False
Is 312 a factor 